alculate the remainder when 3 is divided by d.
1
Let j = -17 + 23. What is the remainder when 27 is divided by j?
3
Suppose -42 = z - 0*z. Let i = -11 - z. Let w(r) = -2*r + 3. Calculate the remainder when i is divided by w(-4).
9
Suppose 2*v - 2*l = -0*l + 10, -2*v - 4*l = -4. Suppose -6*w + 2*w = -16. Let j = 6 - w. Calculate the remainder when v is divided by j.
0
Let f(n) = -n**2 + 8*n - 9. Suppose 5*t - 8 - 47 = -3*x, 38 = 2*x + 2*t. Suppose 23*b - 9 = x*b. Calculate the remainder when b is divided by f(6).
0
Let n = -7 + 27. What is the remainder when 59 is divided by n?
19
Calculate the remainder when 26*(-1)/(-8)*(1 + 43) is divided by 36.
35
Let r be -9*(5/(-3))/5. Suppose 0 = -5*n + 2*s, 2*n = -r*s - 8 - 11. Calculate the remainder when 55 is divided by (38/(-4))/(1/n).
17
Let n(p) = 2*p - 34. What is the remainder when 17 is divided by n(18)?
1
Let y(f) = -f**3 - 6*f**2 + 6*f + 8. Calculate the remainder when (33 - (-15)/(-3))*2 is divided by y(-7).
11
Let f(i) = 37*i + 2. Let w be f(2). Let p = -23 + w. Calculate the remainder when p is divided by 14.
11
Let j be ((-3)/(-6))/((-1)/6). Calculate the remainder when 13 is divided by j/6*-5*2.
3
Calculate the remainder when (-10)/6*(0 - 3) is divided by 2.
1
Let p be (3 + -6)*20/6. Let i(t) = -2*t - 10. Calculate the remainder when 19 is divided by i(p).
9
Let b = -111 + 60. Let u = b - -29. Let a = u + 36. Calculate the remainder when a is divided by 8.
6
Let k(s) = s**3 - 5*s**2 + 5*s - 2. Let p be k(4). Suppose -p*y = -2, -2*v - 3*y + 10 = y. Calculate the remainder when 10 is divided by v.
1
Let i be 2 + (131/1 - -1). Let g be 3*(1 - i/(-3)). Suppose -5*l + g = -53. What is the remainder when l is divided by 20?
18
Let b be (3 + 0)/((-12)/(-8)). Let g be b/10 + 57/15. Suppose -g*z = 25 - 237. What is the remainder when z is divided by 14?
11
Let q(d) = d + 1. Let m be q(-1). Suppose m = -0*s + 3*s - 72. Suppose 0*j + s = 4*j. What is the remainder when j is divided by 3?
0
Suppose -5 = -4*c + 11. What is the remainder when 5 is divided by c?
1
Let a be (-3)/(-7) - (-612)/42. Let r = a + 7. What is the remainder when 42 is divided by r?
20
Let k = 10 - 17. Let v = 7 - k. Calculate the remainder when 39 is divided by v.
11
Suppose 4*v - 3*b - 52 = 0, 5*v - 4*b - 8 = 57. What is the remainder when 73 is divided by v?
8
Suppose 5*m - 36 - 89 = -5*b, 0 = b + 2*m - 25. Calculate the remainder when b is divided by 13.
12
Suppose 4*w + 0*w = 2*k + 4, -k = 2*w - 10. Suppose -5*o - w*b + 21 = 0, 2*b + b + 27 = 3*o. Calculate the remainder when 15 is divided by o.
3
Suppose 20*f - 25 = 15*f. What is the remainder when 12 is divided by f?
2
Let p(n) = -n**3 + 10*n**2 - 6*n - 3. What is the remainder when p(5) is divided by (0 + 19)*(20 - 19)?
16
Suppose -338 = -2*p + 4*z, -2*z = -5*p + 1019 - 150. Suppose 5*i - p = -3*l + 2*l, 3*i - 105 = -5*l. What is the remainder when i is divided by 9?
8
Let m = -70 - -120. What is the remainder when m is divided by 13?
11
Let v = -19 + 27. Let x = 10 - v. What is the remainder when 2 is divided by x?
0
Suppose 2*b - 10*b + 2056 = 0. What is the remainder when b is divided by 37?
35
Suppose -3 = -3*r, 5*w = 2*r + 6 + 77. Calculate the remainder when 81 is divided by w.
13
Suppose 0*o - 58 = -3*o + 2*u, -5*o = -5*u - 105. Calculate the remainder when 61 is divided by o.
13
Suppose 0 = d + 5*a - 382, 2*a - 1477 = -4*d + 141. What is the remainder when d is divided by 51?
50
Let i be (-4 + (4 - 4))*-1. Let y(o) = 5*o**2 - o - 5. Calculate the remainder when y(i) is divided by 24.
23
Suppose 0 = -5*x + 3*k + 76, -4*x - k - k + 74 = 0. Calculate the remainder when (-3)/(27/150)*-3 is divided by x.
16
Suppose -5*v - 2*d + 9 = 0, 8 = -v + 3*d + 3. Let p = v + 0. Let n = 2 - 1. What is the remainder when n is divided by p?
0
Let o(d) = d + 4. Let l be o(-6). What is the remainder when l*2/4 - -32 is divided by 11?
9
Suppose 2 = -4*j + x, -3*j + 2*x - 7 + 3 = 0. Suppose j = -q + 16. Calculate the remainder when 47 is divided by q.
15
Let h be 3/2 + (-9)/(-6). Suppose h*x - 18 = x. Calculate the remainder when 16 is divided by x.
7
Let m(s) = s**3 - 6*s**2 - 2. Calculate the remainder when m(7) is divided by 16.
15
Let d(c) = 2*c + 10. Calculate the remainder when d(0) is divided by 2 - (2/(-1) + -2).
4
Let f(b) = -13*b - 6. What is the remainder when 99 is divided by f(-2)?
19
Suppose -5 = -u - 3. Calculate the remainder when (-340)/(-8) + u/(-4) is divided by 11.
9
Suppose -b - 24 = -4*w - 5*b, -2*w + b + 18 = 0. Suppose -3*z = q - w*z - 50, -z = 0. What is the remainder when q is divided by 13?
11
Suppose -3*i + 15 = -0. Suppose -91 = -4*y - 0*y + l, i*l = 4*y - 87. Suppose 0 = 2*w - w - 8. What is the remainder when y is divided by w?
7
Let m = 207 + -148. What is the remainder when m is divided by 12?
11
Let h(g) = -1 + g + 2 - 4. Let f be h(5). Suppose -4*x = -f*x - 16. Calculate the remainder when 23 is divided by x.
7
Let z(c) = c**2 + 12*c + 5. Let r be z(-8). Let b = 40 + r. What is the remainder when 37 is divided by b?
11
Suppose 334 = 9*k + 28. What is the remainder when k is divided by 19?
15
Let l = 21 + -1. Let w(s) = s**3 + 7*s**2 + 4*s + 8. What is the remainder when w(-5) is divided by l?
18
Let k = -22 - -36. Calculate the remainder when 27 is divided by k.
13
Suppose -3*y - 125 = -8*y. Calculate the remainder when y is divided by 7.
4
Suppose -2*c + 4*c - 4*t - 26 = 0, -5*c - 2*t + 89 = 0. What is the remainder when c is divided by 5?
2
Let l(q) = 2*q**2 + 2*q - 21. What is the remainder when l(6) is divided by 17?
12
Suppose -4*y = 0, 2*y = -5*g + g + 8. Suppose -g*v - 1 = -5. Calculate the remainder when 8/(-6)*3/(-2) is divided by v.
0
Let s(n) = -5*n. Let w be s(-2). Suppose 22 = 4*q - w. What is the remainder when 21 is divided by q?
5
Suppose f + 3*z = 23, 2*f + 0*z - z - 46 = 0. Let b be -1 + 1/(-1)*-3. Calculate the remainder when f is divided by 33/4 + b/(-8).
7
Suppose 2*t + 4*f - 6 = 6, 0 = 2*t - 3*f + 9. Calculate the remainder when t + (-3 - -36 - 0) is divided by 9.
6
Suppose 64 = -0*h + 4*h. Suppose -2*f + 0*f = -h. Calculate the remainder when f is divided by 5.
3
Suppose 4*i = 3*s - 15 + 52, 2*i = s + 19. Calculate the remainder when i is divided by 4.
2
Let i = -56 + 69. Let t = 73 - 48. What is the remainder when t is divided by i?
12
Suppose -2*l + 78 = l. What is the remainder when 1*1/2*l is divided by 4?
1
Let m(w) = -2*w**3 + 2*w**2 + w + 1. Let v(t) = t**2 + 2*t + 5. Let r be v(-6). Let u = r - 17. What is the remainder when m(-2) is divided by u?
11
Let r(h) = 2*h + 4. Let o be r(7). Suppose -3*x - o = -5*x. What is the remainder when x is divided by 3?
0
Suppose -13*v = -16*v + 69. What is the remainder when 68 is divided by v?
22
Let j(u) = -18*u - 1. Suppose 0*a + 7 = a + 2*p, 2*a - 9 = -3*p. Calculate the remainder when j(a) is divided by 18.
17
Let p(f) = -f**2 - 9*f + 2. Let q be p(-9). Let w(z) = z**3 + 2*z**2 - 1. What is the remainder when 59 is divided by w(q)?
14
Let v(j) = 2*j + 17. Calculate the remainder when 23 is divided by v(-6).
3
What is the remainder when 17 is divided by (3/2)/((-12)/(-40))?
2
Let i = -3 - -10. Calculate the remainder when 30 is divided by i.
2
What is the remainder when (-6)/(((-9)/12)/1) is divided by 4?
0
Let y(i) = -i + 5. Let m be y(6). Let s(j) = -j**2 + 7*j + 2. What is the remainder when (m*1)/((-3)/45) is divided by s(6)?
7
Let l be 0/(0/1 - -2). Suppose l*t = -3*t + 39. Calculate the remainder when 51 is divided by t.
12
Suppose 8*j - 6*j = 40. Calculate the remainder when 37 is divided by j.
17
Let g(b) = b**3 - 8*b**2 + 7*b + 6. Let o be g(7). Suppose o = -m + 101. Suppose 4*n - m = -n. Calculate the remainder when 37 is divided by n.
18
Suppose 0 = -7*j - 0*j + 1078. What is the remainder when j is divided by 26?
24
Let i(v) be the first derivative of -25*v**2/2 + v + 2. Suppose 4 = -4*l - 0*l. What is the remainder when i(l) is divided by 14?
12
What is the remainder when (136/(-12))/(2*(-2)/6) is divided by 4?
1
Let r be 0/(-2*(-3)/6). Suppose r = t + 8 - 2. What is the remainder when 13 is divided by t/(-1) - (1 - 0)?
3
Let g(q) = -2*q - 9. Calculate the remainder when 66 is divided by g(-16).
20
Let l(b) = -41*b + 1. Let u be l(-1). Suppose 4*g - 26 = u. What i